0. What are the prime factors of c(b)?
251
Let i(x) = 7*x**2 + x - 2. Let v be i(2). Let w be ((-45)/(-12))/((-55)/v + 2). Suppose 4*n - 205 = -g, g - 4*g + w = 2*n. What are the prime factors of n?
3, 17
Let y(a) = -111*a - 29. Let x be y(-4). Suppose 5*f - x = -5*b, 1 + 144 = 2*f - 5*b. What are the prime factors of f?
2, 5
Let u = 2427 + 7922. List the prime factors of u.
79, 131
Let q be ((-14)/(-3))/14*90. What are the prime factors of -5*((-1428)/q + 3)?
223
Let b = 374 - 256. Let h = b - -35. Let x = h - 17. What are the prime factors of x?
2, 17
Suppose 6*l - 22*l = 1534 - 425038. List the prime factors of l.
3, 17, 173
Let q be 2 + (-30)/12 + (-21)/(-2). Let b = 44 + q. List the prime factors of b.
2, 3
Let q(l) = 5*l - 15. Let d be q(7). Suppose 3*h - 2*g - 13 = -0*h, -5*g + d = 3*h. Suppose -h*f + 120 = -2*k, -3*f + 120 = 2*f + k. List the prime factors of f.
2, 3
Let f(v) = -15*v**3 - 5*v**2 - 33. Let x be f(-5). Let j = x + -863. List the prime factors of j.
2, 7, 61
Let s(v) = 5*v + 15*v**2 + 50*v - 33*v**2 + 21*v**2 + 79. List the prime factors of s(-21).
13, 19
Suppose -u + 200 = -3*u. Let a = u + 141. Let n = -21 + a. What are the prime factors of n?
2, 5
Let c be (70/(-98))/(1/(-14)). Let i(a) = 5*a**2 + 10*a - 2. Let l be i(-7). Suppose -l - 507 = -c*z. What are the prime factors of z?
2, 17
List the prime factors of ((54/(-4))/3)/(144/(-21696)).
2, 3, 113
Suppose -403 = -14*j - 17*j. Let g be 7/35 - 1/5. List the prime factors of (-1 - g)*-22 - 0/j.
2, 11
Suppose 21647 = 37*k - 41697. What are the prime factors of k?
2, 107
Suppose 4*d - 3*q - 4 = -0, d + 4*q - 20 = 0. Suppose 0 = -b + d*l + 173, 6*b - 672 = 2*b - 4*l. What are the prime factors of b?
13
Let u = 4823 - -14330. List the prime factors of u.
107, 179
Let t = -32 + 46. Suppose 357 = 3*x - 3*i, 2*x = 17*i - 16*i + 239. Suppose 12*p = t*p - x. List the prime factors of p.
2, 3, 5
Let k = -14318 + 19804. List the prime factors of k.
2, 13, 211
Suppose 146*c - 3488551 = 2420799. What are the prime factors of c?
5, 1619
Let i = 12403 - 10803. What are the prime factors of i?
2, 5
Let o(n) = -2*n - 6. Let x = -35 - -31. Let i be o(x). Suppose -5*u + 3*d + d = -398, i*d = -4. List the prime factors of u.
2, 3, 13
Let y(q) = -q**3 - 21*q**2 + 63*q + 139. Let d be y(-23). Let r = 459 - 75. Let u = d + r. List the prime factors of u.
2, 3, 11
Let y be (-10)/50 - (-1 - (-33)/(-15)). Suppose n - 5*n - 1604 = -3*c, 0 = 4*c + y*n - 2147. What are the prime factors of c?
2, 67
Let z(m) = -13*m**2 - 52*m + 5. Let h(t) = 7*t**2 + 27*t - 2. Let b(v) = 11*h(v) + 6*z(v). List the prime factors of b(-8).
2
What are the prime factors of (-16 - (-20 - 17529)) + -11?
2, 8761
Let w = -10126 - -21804. What are the prime factors of w?
2, 5839
Let d be ((-8)/(-22))/((-4)/(-66)). Suppose -237 - 957 = -d*c. List the prime factors of c.
199
Suppose 0 = -x - 3*x - 5*l - 209, 0 = 3*x - 2*l + 174. Let v = 28 + x. What are the prime factors of 4*((-650)/v + (-22)/(-77))?
2, 47
Suppose -12 = -2*l - 3*q - 2, -4*l + 16 = 4*q. Suppose l*b + 2318 = 4*j, -2*b + 510 + 1211 = 3*j. List the prime factors of j.
577
Let r = -67 - -69. Suppose -2 = k + r, -2*k - 14 = -t. Let i(p) = 22*p - 12. What are the prime factors of i(t)?
2, 3, 5
Let d(k) be the third derivative of k**5/30 + 7*k**4/24 + 2*k**3 + k**2. Suppose -583 - 215 = 133*x. What are the prime factors of d(x)?
2, 3, 7
Let i be (-16)/(-6) + 3/9. Suppose i*f = 0, 0 = 4*q - 7*f + 4*f - 3160. Suppose 5*k = q - 140. List the prime factors of k.
2, 5, 13
Let g = 13 - 7. Suppose 0 = -4*s + 5*a + 255, -2*s - 295 = -g*s - 3*a. List the prime factors of s.
2, 5, 7
Let k(o) = -o**3 - 21*o**2 - 20*o + 12. Let g be k(-20). What are the prime factors of (g*120/16)/2?
3, 5
Let z(i) = 169*i**2 - 88. List the prime factors of z(10).
2, 3, 467
Suppose -4*h + 4*v - 12 = 0, -2*h + 0*v + v = 1. Let w(u) = -31*u**3 - 2*u**2 + 0 - 3*u + 32*u**3 + h + 0. List the prime factors of w(5).
2, 31
Suppose -4*o - 5 - 10 = -5*c, -3*c + 9 = -2*o. Suppose o = 4*t - 7*t - 3*u + 627, 5*u = t - 239. What are the prime factors of t?
2, 107
Suppose -5*s + 180*q - 183*q + 335617 = 0, 4*q = -5*s + 335626. What are the prime factors of s?
2, 37, 907
Let t be ((-552)/(-32))/(3/(-8)). Let v = t - -12. Let q = 68 + v. List the prime factors of q.
2, 17
Let c(u) = u**2 + 5*u - 3. Suppose 4*h = 7*h + 18. Let g be c(h). Suppose -52 = -g*z + 14. List the prime factors of z.
2, 11
Let h(i) = i + 49. Let p(k) be the second derivative of k**4/12 + 11*k**3/6 + 5*k**2/2 - 3*k. Let z be p(-5). What are the prime factors of h(z)?
2, 3
Suppose 0 = 13*m - 2 - 37. Suppose 5*i = -y - 50, -y - 30 = m*i - 6*y. What are the prime factors of (55/i)/(2/(-48))?
2, 3, 11
What are the prime factors of ((-30)/(-8))/(5/160) - 3?
3, 13
Let a be 13/(-91) - (3438/(-7) + 0). Suppose a = -7*j + 1429. What are the prime factors of j?
2, 67
Suppose -8*q = -1089 - 655. Let i = 312 - q. Let g = i - 13. What are the prime factors of g?
3
Suppose 30 = 30*u - 30. Suppose -5*p + 1878 = 2*h - 88, -5*h + u*p = -4973. List the prime factors of h.
3, 331
Let r(l) = l**3 - 19*l**2 - 9*l + 23. Let s be r(20). Suppose 0 = -5*h + 3*b + 1241, s = h - 0*h + 2*b. List the prime factors of h.
13, 19
Suppose 21*b - 515070 = -69*b. List the prime factors of b.
59, 97
Let l = 3497 + -1687. Suppose -3*h - 553 = -l. What are the prime factors of h?
419
Let z = 28 + -26. Suppose -z*g + 0*g - 582 = 0. List the prime factors of ((-6)/(-9))/((-2)/g).
97
Let l = -65 + 110. Suppose 5*d - l = g - 6*g, -d + g = -1. List the prime factors of 88/d - (-4)/10.
2, 3
Let f = 1753 + -1153. Suppose 26*p - 28*p = -f. What are the prime factors of p?
2, 3, 5
Let i be 1*((18 - 16) + (15 - 1)). Suppose -n + i*n = 360. Suppose -n*k + 27*k - 9 = 0. What are the prime factors of k?
3
Let y(r) = 15*r + 7. Let c(q) = -q**2 + 7*q + 35. Let s be c(10). Suppose -73 = -s*a - 4*v, -a - 74 = -5*a + 2*v. List the prime factors of y(a).
2, 131
Suppose 150*k = 156*k - 33594. What are the prime factors of k?
11, 509
Let l(q) = q**2 - 3*q + 5. Let c be l(2). Suppose c*w + 3*u - 39 = 0, 0*u - 2*u = -3*w + 49. List the prime factors of 1056/w + -3*2/15.
2, 5, 7
Let n = -8533 + 16058. List the prime factors of n.
5, 7, 43
Let g(o) = -o**2 + 10*o - 17. Let x be g(4). Let h be x/(21/15)*1. Suppose h*p + 1182 = 11*p. What are the prime factors of p?
197
Suppose -5*w - 8 = 2*g, 0 = -2*g - w + 2*w - 8. Let i be g/2*4/(-8). What are the prime factors of 2 - (i + -1 + -88)?
2, 3, 5
Let b = 528 - -23. Let k = b + -386. What are the prime factors of k?
3, 5, 11
Let j = 285 - 22. Let r = -11 + j. List the prime factors of r.
2, 3, 7
Suppose 113*u - 112*u - 3*d = 10812, -2*u + 21627 = -3*d. List the prime factors of u.
3, 5, 7, 103
Let i(c) = -c**2 + 3*c - 18. Let w(u) = 4*u**2 - 10*u + 54. Let z(d) = -7*i(d) - 2*w(d). Let l be z(-5). What are the prime factors of 0 + l - (-2 + -3) - -19?
2, 11
Suppose -2*u + 230 = 5*j, 0*u - 4*u + 424 = j. Suppose -a + u = -124. List the prime factors of a.
229
Let a(f) = 2*f - 8. Let l be a(6). Let x be (4/3)/(l/(-6)) + 14. List the prime factors of (-203)/(-2) - 6/x.
101
Suppose -3*w = 4*k - 1204, k - 5*w = 2*k - 301. Let a = k - 210. What are the prime factors of a?
7, 13
Suppose -5*o + 226439 = -56*b + 53*b, 0 = 3*o + 5*b - 135911. What are the prime factors of o?
2, 13, 67
Suppose -61*d = -165*d + 805584. List the prime factors of d.
2, 3, 1291
Let m = -1441 + 6922. What are the prime factors of m?
3, 7, 29
Let r be (6 - (-4)/(-1)) + 1. Suppose -6 = -r*g + 3*s, 0*g - 2*s - 4 = -4*g. Let q(v) = 2*v**2 + v + 47. List the prime factors of q(g).
47
List the prime factors of 133*188 - (7 + (0 - 4)).
23, 1087
Let l = 803 - 135. Suppose -4*c - 2*j = -j - l, 2*c - 336 = -j. Suppose 4*w = 34 + c. List the prime factors of w.
2, 5
Suppose 6*n + 8736 = 19*n. Suppose -72*c - n = -74*c. What are the prime factors of c?
2, 3, 7
Let l be (-20)/(-3)*480/64. Suppose -20*u - 14040 = -l*u. What are the prime factors of u?
2, 3, 13
Suppose -2*n + 20096 = -427*g + 426*g, 0 = 2*n + g - 20104. List the prime factors of n.
2, 3, 5, 67
Let i be 1 - 0 - (-5 - -6). Suppose 18 = 3*y + f, 3*y - 4*f - 18 = -i*y. Let u(o) = o**3 - 7*o**2 + 19*o + 8. What are the prime factors of u